{"id":64,"date":"2017-07-12T11:43:25","date_gmt":"2017-07-12T11:43:25","guid":{"rendered":"http:\/\/habana-schneverdingen.com\/?page_id=64"},"modified":"2026-04-12T20:58:13","modified_gmt":"2026-04-12T20:58:13","slug":"home","status":"publish","type":"page","link":"https:\/\/habana-schneverdingen.de\/","title":{"rendered":"Home"},"content":{"rendered":"\n<div class=\"wp-container-1 wp-block-group\"><div class=\"wp-block-group__inner-container\">\n<figure class=\"wp-block-image size-large\"><img loading=\"lazy\" width=\"724\" height=\"1024\" src=\"https:\/\/habana-schneverdingen.de\/wp-content\/uploads\/2026\/04\/Fruehschoppen2026-724x1024.jpg\" alt=\"\" class=\"wp-image-1235\" srcset=\"https:\/\/habana-schneverdingen.de\/wp-content\/uploads\/2026\/04\/Fruehschoppen2026-724x1024.jpg 724w, https:\/\/habana-schneverdingen.de\/wp-content\/uploads\/2026\/04\/Fruehschoppen2026-212x300.jpg 212w, https:\/\/habana-schneverdingen.de\/wp-content\/uploads\/2026\/04\/Fruehschoppen2026-768x1086.jpg 768w, https:\/\/habana-schneverdingen.de\/wp-content\/uploads\/2026\/04\/Fruehschoppen2026-1086x1536.jpg 1086w, https:\/\/habana-schneverdingen.de\/wp-content\/uploads\/2026\/04\/Fruehschoppen2026-1448x2048.jpg 1448w, https:\/\/habana-schneverdingen.de\/wp-content\/uploads\/2026\/04\/Fruehschoppen2026-1240x1754.jpg 1240w, https:\/\/habana-schneverdingen.de\/wp-content\/uploads\/2026\/04\/Fruehschoppen2026-508x719.jpg 508w, https:\/\/habana-schneverdingen.de\/wp-content\/uploads\/2026\/04\/Fruehschoppen2026-scaled.jpg 1810w\" sizes=\"(max-width: 724px) 100vw, 724px\" \/><\/figure>\n<\/div><\/div>\n\n\n\n<div class=\"wp-block-media-text alignfull is-stacked-on-mobile\" style=\"grid-template-columns:51% auto\"><figure class=\"wp-block-media-text__media\"><img loading=\"lazy\" width=\"1024\" height=\"683\" src=\"https:\/\/habana-schneverdingen.de\/wp-content\/uploads\/2022\/04\/LAHABANA_-0516-1024x683.jpg\" alt=\"\" class=\"wp-image-1002 size-full\" srcset=\"https:\/\/habana-schneverdingen.de\/wp-content\/uploads\/2022\/04\/LAHABANA_-0516-1024x683.jpg 1024w, https:\/\/habana-schneverdingen.de\/wp-content\/uploads\/2022\/04\/LAHABANA_-0516-300x200.jpg 300w, https:\/\/habana-schneverdingen.de\/wp-content\/uploads\/2022\/04\/LAHABANA_-0516-768x512.jpg 768w, https:\/\/habana-schneverdingen.de\/wp-content\/uploads\/2022\/04\/LAHABANA_-0516-1536x1024.jpg 1536w, https:\/\/habana-schneverdingen.de\/wp-content\/uploads\/2022\/04\/LAHABANA_-0516-2048x1365.jpg 2048w, https:\/\/habana-schneverdingen.de\/wp-content\/uploads\/2022\/04\/LAHABANA_-0516-1240x827.jpg 1240w, https:\/\/habana-schneverdingen.de\/wp-content\/uploads\/2022\/04\/LAHABANA_-0516-508x339.jpg 508w\" sizes=\"(max-width: 1024px) 100vw, 1024px\" \/><\/figure><div class=\"wp-block-media-text__content\">\n<p class=\"has-large-font-size\" style=\"font-style:normal;font-weight:600\">Liebe G\u00e4ste &amp; Freunde, <\/p>\n\n\n\n<p class=\"has-normal-font-size\">das La Habana hei\u00dft Euch im Innen- und Au\u00dfenbereich herzlich willkommen &#8211; ob Kaffee oder Cocktails &#8211; Drinks oder Speisen &#8211; Partys oder Konzerte &#8211; unsere Location bietet Platz f\u00fcr Ihre W\u00fcnsche!  <\/p>\n\n\n\n<p class=\"has-normal-font-size\">Wir freuen uns auf Euch!<\/p>\n\n\n\n<p style=\"font-style:italic;font-weight:300;text-transform:capitalize\">Euer La Habana Team<\/p>\n<\/div><\/div>\n\n\n\n<div class=\"wp-block-media-text alignfull has-media-on-the-right is-stacked-on-mobile\" style=\"grid-template-columns:auto 49%\"><figure class=\"wp-block-media-text__media\"><img loading=\"lazy\" width=\"643\" height=\"355\" src=\"https:\/\/habana-schneverdingen.de\/wp-content\/uploads\/2022\/04\/Aussenbereich.png\" alt=\"\" class=\"wp-image-1003 size-full\" srcset=\"https:\/\/habana-schneverdingen.de\/wp-content\/uploads\/2022\/04\/Aussenbereich.png 643w, https:\/\/habana-schneverdingen.de\/wp-content\/uploads\/2022\/04\/Aussenbereich-300x166.png 300w, https:\/\/habana-schneverdingen.de\/wp-content\/uploads\/2022\/04\/Aussenbereich-508x280.png 508w\" sizes=\"(max-width: 643px) 100vw, 643px\" \/><\/figure><div class=\"wp-block-media-text__content\">\n<p class=\"has-large-font-size\" style=\"font-style:normal;font-weight:600\">Unsere \u00d6ffnungszeiten<\/p>\n\n\n\n<p>Montag bis Sonntags ab 16:00 Uhr<\/p>\n\n\n\n<p>Reservierungen bitte telefonisch vereinbaren.<\/p>\n<\/div><\/div>\n\n\n\n<p><\/p>\n\n\n\n<div class=\"wp-block-columns alignwide are-vertically-aligned-center\">\n<div class=\"wp-block-column is-vertically-aligned-center\" style=\"flex-basis:100%\"><\/div>\n<\/div>\n\n\n\n<p><\/p>\n","protected":false},"excerpt":{"rendered":"<p>Liebe G\u00e4ste &amp; Freunde, das La Habana hei\u00dft Euch im Innen- und Au\u00dfenbereich herzlich willkommen &#8211; ob Kaffee oder Cocktails &#8211; Drinks oder Speisen &#8211; Partys oder Konzerte &#8211; unsere Location bietet Platz f\u00fcr Ihre W\u00fcnsche! Wir freuen uns auf Euch! Euer La Habana Team Unsere \u00d6ffnungszeiten Montag bis Sonntags ab 16:00 Uhr Reservierungen bitte [&hellip;]<\/p>\n","protected":false},"author":1,"featured_media":0,"parent":0,"menu_order":1,"comment_status":"closed","ping_status":"closed","template":"","meta":[],"_links":{"self":[{"href":"https:\/\/habana-schneverdingen.de\/index.php?rest_route=\/wp\/v2\/pages\/64"}],"collection":[{"href":"https:\/\/habana-schneverdingen.de\/index.php?rest_route=\/wp\/v2\/pages"}],"about":[{"href":"https:\/\/habana-schneverdingen.de\/index.php?rest_route=\/wp\/v2\/types\/page"}],"author":[{"embeddable":true,"href":"https:\/\/habana-schneverdingen.de\/index.php?rest_route=\/wp\/v2\/users\/1"}],"replies":[{"embeddable":true,"href":"https:\/\/habana-schneverdingen.de\/index.php?rest_route=%2Fwp%2Fv2%2Fcomments&post=64"}],"version-history":[{"count":86,"href":"https:\/\/habana-schneverdingen.de\/index.php?rest_route=\/wp\/v2\/pages\/64\/revisions"}],"predecessor-version":[{"id":1236,"href":"https:\/\/habana-schneverdingen.de\/index.php?rest_route=\/wp\/v2\/pages\/64\/revisions\/1236"}],"wp:attachment":[{"href":"https:\/\/habana-schneverdingen.de\/index.php?rest_route=%2Fwp%2Fv2%2Fmedia&parent=64"}],"curies":[{"name":"wp","href":"https:\/\/api.w.org\/{rel}","templated":true}]}}

<div class="wp-container-1 wp-block-group"><div class="wp-block-group__inner-container">
<figure class="wp-block-image size-large"><img loading="lazy" width="724" height="1024" src="https://habana-schneverdingen.de/wp-content/uploads/2026/04/Fruehschoppen2026-724x1024.jpg" alt="" class="wp-image-1235" srcset="https://habana-schneverdingen.de/wp-content/uploads/2026/04/Fruehschoppen2026-724x1024.jpg 724w, https://habana-schneverdingen.de/wp-content/uploads/2026/04/Fruehschoppen2026-212x300.jpg 212w, https://habana-schneverdingen.de/wp-content/uploads/2026/04/Fruehschoppen2026-768x1086.jpg 768w, https://habana-schneverdingen.de/wp-content/uploads/2026/04/Fruehschoppen2026-1086x1536.jpg 1086w, https://habana-schneverdingen.de/wp-content/uploads/2026/04/Fruehschoppen2026-1448x2048.jpg 1448w, https://habana-schneverdingen.de/wp-content/uploads/2026/04/Fruehschoppen2026-1240x1754.jpg 1240w, https://habana-schneverdingen.de/wp-content/uploads/2026/04/Fruehschoppen2026-508x719.jpg 508w, https://habana-schneverdingen.de/wp-content/uploads/2026/04/Fruehschoppen2026-scaled.jpg 1810w" sizes="(max-width: 724px) 100vw, 724px" /></figure>
</div></div>



<div class="wp-block-media-text alignfull is-stacked-on-mobile" style="grid-template-columns:51% auto"><figure class="wp-block-media-text__media"><img loading="lazy" width="1024" height="683" src="https://habana-schneverdingen.de/wp-content/uploads/2022/04/LAHABANA_-0516-1024x683.jpg" alt="" class="wp-image-1002 size-full" srcset="https://habana-schneverdingen.de/wp-content/uploads/2022/04/LAHABANA_-0516-1024x683.jpg 1024w, https://habana-schneverdingen.de/wp-content/uploads/2022/04/LAHABANA_-0516-300x200.jpg 300w, https://habana-schneverdingen.de/wp-content/uploads/2022/04/LAHABANA_-0516-768x512.jpg 768w, https://habana-schneverdingen.de/wp-content/uploads/2022/04/LAHABANA_-0516-1536x1024.jpg 1536w, https://habana-schneverdingen.de/wp-content/uploads/2022/04/LAHABANA_-0516-2048x1365.jpg 2048w, https://habana-schneverdingen.de/wp-content/uploads/2022/04/LAHABANA_-0516-1240x827.jpg 1240w, https://habana-schneverdingen.de/wp-content/uploads/2022/04/LAHABANA_-0516-508x339.jpg 508w" sizes="(max-width: 1024px) 100vw, 1024px" /></figure><div class="wp-block-media-text__content">
<p class="has-large-font-size" style="font-style:normal;font-weight:600">Liebe Gäste &amp; Freunde, </p>



<p class="has-normal-font-size">das La Habana heißt Euch im Innen- und Außenbereich herzlich willkommen &#8211; ob Kaffee oder Cocktails &#8211; Drinks oder Speisen &#8211; Partys oder Konzerte &#8211; unsere Location bietet Platz für Ihre Wünsche!  </p>



<p class="has-normal-font-size">Wir freuen uns auf Euch!</p>



<p style="font-style:italic;font-weight:300;text-transform:capitalize">Euer La Habana Team</p>
</div></div>



<div class="wp-block-media-text alignfull has-media-on-the-right is-stacked-on-mobile" style="grid-template-columns:auto 49%"><figure class="wp-block-media-text__media"><img loading="lazy" width="643" height="355" src="https://habana-schneverdingen.de/wp-content/uploads/2022/04/Aussenbereich.png" alt="" class="wp-image-1003 size-full" srcset="https://habana-schneverdingen.de/wp-content/uploads/2022/04/Aussenbereich.png 643w, https://habana-schneverdingen.de/wp-content/uploads/2022/04/Aussenbereich-300x166.png 300w, https://habana-schneverdingen.de/wp-content/uploads/2022/04/Aussenbereich-508x280.png 508w" sizes="(max-width: 643px) 100vw, 643px" /></figure><div class="wp-block-media-text__content">
<p class="has-large-font-size" style="font-style:normal;font-weight:600">Unsere Öffnungszeiten</p>



<p>Montag bis Sonntags ab 16:00 Uhr</p>



<p>Reservierungen bitte telefonisch vereinbaren.</p>
</div></div>



<p></p>



<div class="wp-block-columns alignwide are-vertically-aligned-center">
<div class="wp-block-column is-vertically-aligned-center" style="flex-basis:100%"></div>
</div>



<p></p>

<p>Liebe Gäste &amp; Freunde, das La Habana heißt Euch im Innen- und Außenbereich herzlich willkommen &#8211; ob Kaffee oder Cocktails &#8211; Drinks oder Speisen &#8211; Partys oder Konzerte &#8211; unsere Location bietet Platz für Ihre Wünsche! Wir freuen uns auf Euch! Euer La Habana Team Unsere Öffnungszeiten Montag bis Sonntags ab 16:00 Uhr Reservierungen bitte [&hellip;]</p>
